{"id":3999,"date":"2021-08-26T13:15:02","date_gmt":"2021-08-26T13:15:02","guid":{"rendered":"https:\/\/www.vieillebranche.fr\/?post_type=product&#038;p=3999"},"modified":"2025-08-20T08:00:19","modified_gmt":"2025-08-20T08:00:19","slug":"pied-de-vigne-a-4-branches","status":"publish","type":"product","link":"https:\/\/www.vieillebranche.fr\/en\/produit\/pied-de-vigne-a-4-branches\/","title":{"rendered":"PIED DE VIGNE \u00e0 4 branches"},"content":{"rendered":"\t\t<div data-elementor-type=\"product-post\" data-elementor-id=\"3999\" class=\"elementor elementor-3999\" data-elementor-post-type=\"product\">\n\t\t\t\t\t\t<section class=\"elementor-section elementor-top-section elementor-element elementor-element-a0ca8d7 elementor-section-boxed elementor-section-height-default elementor-section-height-default\" data-id=\"a0ca8d7\" data-element_type=\"section\" data-e-type=\"section\">\n\t\t\t\t\t\t<div class=\"elementor-container elementor-column-gap-default\">\n\t\t\t\t\t<div class=\"elementor-column elementor-col-100 elementor-top-column elementor-element elementor-element-ecce3f5\" data-id=\"ecce3f5\" data-element_type=\"column\" data-e-type=\"column\">\n\t\t\t<div class=\"elementor-widget-wrap elementor-element-populated\">\n\t\t\t\t\t\t<div class=\"elementor-element elementor-element-141342b elementor-widget elementor-widget-text-editor\" data-id=\"141342b\" data-element_type=\"widget\" data-e-type=\"widget\" data-widget_type=\"text-editor.default\">\n\t\t\t\t\t\t\t\t\t<p>Objet d\u00e9co pour les amoureux\u00b7ses des ambiances scandinaves.<\/p><p>Ce cep de vigne a pouss\u00e9 pendant 70 ans pour produire du Muscadet dans la r\u00e9gion de Vallet.<\/p>\t\t\t\t\t\t\t\t<\/div>\n\t\t\t\t\t<\/div>\n\t\t<\/div>\n\t\t\t\t\t<\/div>\n\t\t<\/section>\n\t\t\t\t<\/div>\n\t\t","protected":false},"excerpt":{"rendered":"<h2>Vous recherchez un nouveau style d\u00e9coratif ?<\/h2>\n<p>Un tr\u00e8s beau pied de vigne \u00e0 4 branches en bois sabl\u00e9 fera toute la diff\u00e9rence.<br \/>\nSaviez-vous que cet objet d&#8217;Art naturel a plus de 70 ans ?<\/p>\n<p>Il se marie aussi bien avec une ambiance \u00e9pur\u00e9, simple et monochrome, qu&#8217;avec une d\u00e9co color\u00e9es et traditionnelles.<\/p>\n<p>Choisissez un objet d\u00e9coratif qui a une vraie personnalit\u00e9.<br \/>\nAttention : cette objet est unique et recherch\u00e9 !<\/p>\n<p>Poids hors emballage : 4,5 kg<\/p>\n","protected":false},"featured_media":21165,"comment_status":"open","ping_status":"closed","template":"","meta":[],"product_brand":[],"product_cat":[18,57],"product_tag":[],"class_list":["post-3999","product","type-product","status-publish","has-post-thumbnail","product_cat-bois-decoration","product_cat-objet-deco-bois-sable","first","outofstock","sold-individually","taxable","shipping-taxable","purchasable","product-type-simple"],"_links":{"self":[{"href":"https:\/\/www.vieillebranche.fr\/en\/wp-json\/wp\/v2\/product\/3999","targetHints":{"allow":["GET"]}}],"collection":[{"href":"https:\/\/www.vieillebranche.fr\/en\/wp-json\/wp\/v2\/product"}],"about":[{"href":"https:\/\/www.vieillebranche.fr\/en\/wp-json\/wp\/v2\/types\/product"}],"replies":[{"embeddable":true,"href":"https:\/\/www.vieillebranche.fr\/en\/wp-json\/wp\/v2\/comments?post=3999"}],"version-history":[{"count":0,"href":"https:\/\/www.vieillebranche.fr\/en\/wp-json\/wp\/v2\/product\/3999\/revisions"}],"wp:attachment":[{"href":"https:\/\/www.vieillebranche.fr\/en\/wp-json\/wp\/v2\/media?parent=3999"}],"wp:term":[{"taxonomy":"product_brand","embeddable":true,"href":"https:\/\/www.vieillebranche.fr\/en\/wp-json\/wp\/v2\/product_brand?post=3999"},{"taxonomy":"product_cat","embeddable":true,"href":"https:\/\/www.vieillebranche.fr\/en\/wp-json\/wp\/v2\/product_cat?post=3999"},{"taxonomy":"product_tag","embeddable":true,"href":"https:\/\/www.vieillebranche.fr\/en\/wp-json\/wp\/v2\/product_tag?post=3999"}],"curies":[{"name":"wp","href":"https:\/\/api.w.org\/{rel}","templated":true}]}}

PIED DE VIGNE à 4 branches

<div data-elementor-type="product-post" data-elementor-id="3999" class="elementor elementor-3999" data-elementor-post-type="product">
						<section class="elementor-section elementor-top-section elementor-element elementor-element-a0ca8d7 elementor-section-boxed elementor-section-height-default elementor-section-height-default" data-id="a0ca8d7" data-element_type="section" data-e-type="section">
						<div class="elementor-container elementor-column-gap-default">
					<div class="elementor-column elementor-col-100 elementor-top-column elementor-element elementor-element-ecce3f5" data-id="ecce3f5" data-element_type="column" data-e-type="column">
			<div class="elementor-widget-wrap elementor-element-populated">
						<div class="elementor-element elementor-element-141342b elementor-widget elementor-widget-text-editor" data-id="141342b" data-element_type="widget" data-e-type="widget" data-widget_type="text-editor.default">
									<p>Objet déco pour les amoureux·ses des ambiances scandinaves.</p><p>Ce cep de vigne a poussé pendant 70 ans pour produire du Muscadet dans la région de Vallet.</p>								</div>
					</div>
		</div>
					</div>
		</section>
				</div>

<h2>Vous recherchez un nouveau style décoratif ?</h2>
<p>Un très beau pied de vigne à 4 branches en bois sablé fera toute la différence.<br />
Saviez-vous que cet objet d&#8217;Art naturel a plus de 70 ans ?</p>
<p>Il se marie aussi bien avec une ambiance épuré, simple et monochrome, qu&#8217;avec une déco colorées et traditionnelles.</p>
<p>Choisissez un objet décoratif qui a une vraie personnalité.<br />
Attention : cette objet est unique et recherché !</p>
<p>Poids hors emballage : 4,5 kg</p>
